 44*k - 1760. Calculate the greatest common divisor of l and 38.
19
Let d(r) = -11*r - 7. Let j = 21 - 19. Let q(a) = 54*a + 34. Let u(p) = j*q(p) + 11*d(p). Let n be u(-6). What is the greatest common factor of n and 23?
23
Let y(n) be the second derivative of 13*n**3/6 - 10*n**2 + 3*n. Let b be y(8). Calculate the highest common divisor of 21 and b.
21
Suppose 2*v - 5 = -1. Let c(z) = -2*z + z**v - 2*z + z - 7 + 5*z. Let t be c(3). Calculate the greatest common divisor of 32 and t.
8
Let s(w) = w**3 + 17*w**2 + 13*w - 21. Let b be s(-16). Suppose 5*i - 95 = -5*l, 4*i = 3*l - 23 + 92. Calculate the greatest common factor of b and i.
9
Let b = 808 + -561. Calculate the greatest common divisor of b and 38.
19
Suppose 5*d = u - 423 + 1321, u = -4*d + 722. What is the highest common divisor of d and 144?
36
Suppose -4*k = -4*r + 852, 0*r + 5*r - 1077 = k. What is the greatest common divisor of r and 8?
8
Let y = -915 + 1163. What is the greatest common factor of y and 32?
8
Let l(y) = y**2 - 19*y + 30. Let p be l(21). What is the greatest common divisor of 2 and p?
2
Suppose 649 = 48*t + 11*t. Calculate the greatest common factor of 1595 and t.
11
Let b(q) = q**2 - 16*q + 62. Let k be b(6). Suppose 6*s + k*s = 3072. What is the greatest common divisor of 48 and s?
48
Let q be 8/(-20) + 434/10. Let d(c) = -12*c + 143. Let j be d(-6). Calculate the greatest common factor of q and j.
43
Let q be 178*1 + ((-220)/(-20) - 6). Calculate the highest common divisor of q and 6.
3
Let s(m) = m**2 + 19*m + 64. Let w be s(-20). What is the highest common divisor of w and 48?
12
Let y = 2684 + -2292. What is the greatest common factor of y and 1078?
98
Suppose 0 = -2*y + 6, -4*a - y = -0*y - 11. Suppose -42 = -5*f + a*f. Calculate the greatest common factor of f and 56.
14
Let w = -416 + 429. Let g(i) = i + 16*i**2 - 3 + 6*i**2 - 9*i**2. Let x be g(3). Calculate the highest common divisor of x and w.
13
Let w(r) = 2*r**3 - 42*r**2 + 52. Let u be w(22). What is the highest common divisor of u and 68?
68
Let f = 40 - 28. Suppose -5*h = 5*m, -9 = -6*m + m - 2*h. Suppose -m*c + 72 = 5*a, 0 = 8*a - 4*a. What is the greatest common divisor of c and f?
12
Suppose 2 - 6 = -2*z. Suppose 2*s = -3*x + z*x + 117, 5*x - 585 = 5*s. Calculate the greatest common factor of 9 and x.
9
Suppose 17*r - 3131 = 1459. Calculate the greatest common divisor of 20 and r.
10
Let v = 41 - 41. Let y be (v - 12/(-18)) + (-236)/(-6). Calculate the greatest common factor of 30 and y.
10
Let v = 141 + -97. Let q = v + -37. What is the greatest common divisor of 28 and q?
7
Let z(b) = -b**3 + 21*b**2 - 21*b + 28. Let o be z(20). Suppose 87 = 5*t - o. Calculate the highest common factor of 57 and t.
19
Let j be ((-36)/(-27))/((-2)/(-3)). Let p(x) = 8*x + 6*x + 0 - j - 12*x. Let r be p(7). Calculate the greatest common factor of r and 8.
4
Suppose -12 - 6 = -n + 3*b, 5*b + 37 = 4*n. Let s be (-2)/(n/6 - 0) - -14. Calculate the highest common factor of s and 110.
10
Let t = -118 - -166. Calculate the highest common divisor of t and 192.
48
Suppose 37*a - 31*a = 210. What is the greatest common factor of a and 20?
5
Suppose -67*y + 8424 = -1224. What is the highest common divisor of y and 486?
18
Suppose -18*n = -14*n - 160. Let x be (n/1)/((-2)/(-4)). What is the greatest common factor of 16 and x?
16
Let s = 48 + -36. What is the greatest common divisor of 8 and s?
4
Let w be (-1)/9*2 - (-220)/18. Let t(h) = -12*h - 24. Let b be t(-6). Calculate the highest common divisor of w and b.
12
Let c be (2/6)/(7/546). Suppose 2*w = m + 54, -2*m - 34 = -w + 2*m. What is the greatest common divisor of w and c?
26
Suppose 3*o = 2*o. Suppose i - 5*i = o. Let k = i - -4. What is the greatest common factor of 1 and k?
1
Suppose -10*x - 88 = -1378. Suppose 0 = -4*c + 3*q + 449, -4*q - 691 = -5*c - x. Calculate the greatest common factor of 10 and c.
10
Let f be ((-21)/(-9) - 0)*18. Suppose 0*p = -3*p - f. Let t be (-1)/(-2) + (-35)/p. What is the highest common divisor of 21 and t?
3
Let i be 4 - 2 - 0/2. Let j be (-33)/(-11)*(-1 + i). Suppose -b + j = -18. What is the highest common divisor of 105 and b?
21
Let u = 1092 - -660. Calculate the greatest common divisor of u and 36.
12
Let f = 36 + -19. Calculate the highest common divisor of 119 and f.
17
Suppose -10*n + 5655 = -3185. Calculate the greatest common divisor of n and 26.
26
Suppose -2*m + 0 = 5*r - 4, 8 = 5*r + 4*m. Suppose r = 5*s - 28 + 8. Let y = 8 + -6. What is the greatest common divisor of s and y?
2
Let p(y) = -y**3 + 52*y**2 - y + 144. Let x be p(52). Calculate the greatest common divisor of x and 2944.
92
Suppose -4*d + 35 = 15. Let h(b) = 7*b - 24. Let c be h(d). What is the highest common divisor of c and 11?
11
Let r be 2268/(-270)*(-2)/((-2)/(-25)). Calculate the highest common divisor of r and 120.
30
Suppose -5*y - 5 = 0, d - 2*d + 4 = -3*y. Calculate the highest common factor of 17 and d.
1
Suppose 3*a + 3*l - 2476 = 7*l, 0 = -5*a + 2*l + 4150. What is the highest common divisor of 26 and a?
26
Let l(j) = -8*j - 352. Let g be l(-46). What is the greatest common divisor of 512 and g?
16
Suppose 4*w + w = 2*u + 163, 4*w - 3*u - 129 = 0. What is the highest common divisor of 9 and w?
3
Let d(l) = -3*l + 51. Let m be d(12). What is the greatest common divisor of 3 and m?
3
Let t = -202 - -234. Let i be 129 + (-4 - -1) + 2. What is the greatest common divisor of i and t?
32
Let r be (-3880)/72 - 2/18. Let b = r - -124. What is the greatest common factor of b and 28?
14
Suppose -47*t = -50*t + 36. Calculate the greatest common factor of 204 and t.
12
Suppose -5*z - 166 = -2*h, 4*z = 2*h - 0*h - 170. Suppose 0 = 4*c - h - 3. What is the highest common factor of c and 12?
12
Let g be 6/8 - ((-1659)/28 - 3). Suppose -6*a = -3*a + 15. Let f = a - -14. Calculate the highest common factor of g and f.
9
Let t be 2131/4 - ((-49)/28)/7. Calculate the greatest common factor of 13 and t.
13
Let y be 2/2 - 8*-2. Let s(m) = -m**3 + 11*m**2 + 2*m - 16. Let n be s(11). Let k be ((-306)/8)/(n/(-24)). What is the highest common divisor of y and k?
17
Let w = -11 - -11. Suppose x + 5 - 35 = w. What is the highest common divisor of x and 20?
10
Let b = 20 - 63. Let u = -28 - b. Let f = u + 9. Calculate the highest common factor of f and 96.
24
Let s(g) = 2*g**2 - 15*g - 108. Let j be s(15). Let k(r) = 2*r - 1. Let n be k(1). Let p be 12 + (n + -4)/(-3). What is the greatest common divisor of p and j?
13
Let m be ((-8)/(-10))/(6/(-93 - -3)). Let w be ((-246)/(-4))/((-18)/m). What is the highest common factor of 164 and w?
41
Let x = 233 + -232. Suppose 2*k = -3*k + 10. Suppose j - 11 = -k. Calculate the highest common factor of j and x.
1
Let z be (-1)/5 + (-18945)/(-225). Calculate the highest common factor of z and 105.
21
Suppose 0 = y, 2*y - 7 = b - 2. Let l(t) = -t**2 - 14*t - 6. Let w be l(b). Let v be w/2 - (-6)/(-4). What is the greatest common factor of v and 2?
2
Let z = -1172 + 1682. What is the greatest common factor of 30 and z?
30
Suppose -114 = 3*w - 5*w + 4*m, 3*w = 3*m + 162. Suppose -93 - w = -4*v. What is the greatest common factor of v and 90?
18
Let z be 28 + (-5 - (4 + -4)). Let f be (-2902)/(-18) + 10/(-45). What is the greatest common factor of z and f?
23
Let c be -3*39/9*3 - -3. Let s = 50 + c. Calculate the highest common divisor of 126 and s.
14
Suppose -181 = -4*a - 89. What is the greatest common factor of 437 and a?
23
Suppose 5*b - 5*o - 15 = b, 20 = b + 2*o. Let i(c) = 10*c**2 + c + 1. Let u be i(-1). What is the highest common factor of u and b?
10
Suppose 180 - 20 = 16*k. What is the highest common factor of 130 and k?
10
Suppose 8*x = 3*r + 3*x - 1178, 0 = 4*x - 8. Let u = 283 + -247. Calculate the greatest common divisor of r and u.
36
Suppose -4*h = -4*p + 24, -19*h + 17*h = 2*p. Calculate the greatest common divisor of p and 1.
1
Suppose 15*m + 400 = -230. Let v be 56/m*6/(-4). What is the highest common divisor of 1 and v?
1
Let x = 300 + -3. Let r = -3 - 54. Let f = r + 84. Calculate the greatest common factor of x and f.
27
Let n(x) = 3*x**2 + 61*x - 9. Let u be n(10). What is the highest common divisor of u and 53?
53
Let b = -10 + 54. Suppose j + 2*w = 0, 0*w = -j - 3*w. Suppose j = -2*n + 15 + 7. What is the g